{"id":450,"date":"2023-03-04T14:15:49","date_gmt":"2023-03-04T14:15:49","guid":{"rendered":"https:\/\/esu-ufe.eu\/de\/?page_id=450"},"modified":"2023-03-09T20:35:42","modified_gmt":"2023-03-09T20:35:42","slug":"history","status":"publish","type":"page","link":"https:\/\/esu-ufe.eu\/de\/history\/","title":{"rendered":"History"},"content":{"rendered":"<div class=\"flex_column av_one_third flex_column_div av-zero-column-padding avia-builder-el-2 el_after_av_one_third el_before_av_one_third \">\n<section class=\"av_textblock_section \">\n<div class=\"avia_textblock \">\n<h1>History<\/h1>\n<p>Die ESU wurde 1954, also 3 Jahre vor Unterzeichnung der \u201cR\u00f6mischen Vertr\u00e4ge\u201d die die Grundlage der Montanunion, der EWG, EG und der heutigen EU sind, in Amsterdam gegr\u00fcndet.<\/p>\n<p>Mittlerweile geh\u00f6ren der ESU 19 nationale Mitgliedsverb\u00e4nde und 4 Europ\u00e4ische Verb\u00e4nde an. Um die beruflichen Interessen als europ\u00e4ischer Dachverband zu wahren- nicht nur in der Kommission, dem EU Parlament und dem Rat der EU \u2013 ist die ESU auch Mitglied der EFECOT. (Europ\u00e4ische F\u00f6deration f\u00fcr die Ausbildung der Kinder aus Binnenschiffer-, Schausteller-, Zirkusfamilien und beruflich Reisender.<\/p>\n<p>Ganz besonders der aktiven Mitwirkung aller nationalen und europ\u00e4ischen Mitgliedsverb\u00e4nde, des Pr\u00e4sidiums und des Generalsekreteriats, hier sei GS Ulrich Rust besonders hervorgehoben, ist es zu verdanken, dass die ESU in beinahe 50 Jahren ihrer T\u00e4tigkeit so viele positive Resultate f\u00fcr sich verbuchen konnte. Dies hat nat\u00fcrlich unsere Glaubw\u00fcrdigkeit als vorausschauende und erfolgreiche Lobbying-Organisation untermauert und entsprechend auch das Interesse neuer Mitglieder geweckt. Die Europ\u00e4ische Schaustellerunion ESU\/UFE , geh\u00f6rt zur Avantgarde des \u201cEurop\u00e4ischen Gedanken\u201d und findet in allen europ\u00e4ischen Institutionen Geh\u00f6r.<\/p>\n<\/div>\n<\/section>\n<\/div>\n","protected":false},"excerpt":{"rendered":"<p>History Die ESU wurde 1954, also 3 Jahre vor Unterzeichnung der \u201cR\u00f6mischen Vertr\u00e4ge\u201d die die Grundlage der Montanunion, der EWG, EG und der heutigen EU sind, in Amsterdam gegr\u00fcndet. Mittlerweile geh\u00f6ren der ESU 19 nationale Mitgliedsverb\u00e4nde und 4 Europ\u00e4ische Verb\u00e4nde an. Um die beruflichen Interessen als europ\u00e4ischer Dachverband zu wahren- nicht nur in der Kommission, [&hellip;]<\/p>\n","protected":false},"author":1,"featured_media":0,"parent":0,"menu_order":0,"comment_status":"closed","ping_status":"closed","template":"","meta":{"footnotes":""},"class_list":["post-450","page","type-page","status-publish","hentry"],"_links":{"self":[{"href":"https:\/\/esu-ufe.eu\/de\/wp-json\/wp\/v2\/pages\/450","targetHints":{"allow":["GET"]}}],"collection":[{"href":"https:\/\/esu-ufe.eu\/de\/wp-json\/wp\/v2\/pages"}],"about":[{"href":"https:\/\/esu-ufe.eu\/de\/wp-json\/wp\/v2\/types\/page"}],"author":[{"embeddable":true,"href":"https:\/\/esu-ufe.eu\/de\/wp-json\/wp\/v2\/users\/1"}],"replies":[{"embeddable":true,"href":"https:\/\/esu-ufe.eu\/de\/wp-json\/wp\/v2\/comments?post=450"}],"version-history":[{"count":4,"href":"https:\/\/esu-ufe.eu\/de\/wp-json\/wp\/v2\/pages\/450\/revisions"}],"predecessor-version":[{"id":494,"href":"https:\/\/esu-ufe.eu\/de\/wp-json\/wp\/v2\/pages\/450\/revisions\/494"}],"wp:attachment":[{"href":"https:\/\/esu-ufe.eu\/de\/wp-json\/wp\/v2\/media?parent=450"}],"curies":[{"name":"wp","href":"https:\/\/api.w.org\/{rel}","templated":true}]}}

<div class="flex_column av_one_third flex_column_div av-zero-column-padding avia-builder-el-2 el_after_av_one_third el_before_av_one_third ">
<section class="av_textblock_section ">
<div class="avia_textblock ">
<h1>History</h1>
<p>Die ESU wurde 1954, also 3 Jahre vor Unterzeichnung der “Römischen Verträge” die die Grundlage der Montanunion, der EWG, EG und der heutigen EU sind, in Amsterdam gegründet.</p>
<p>Mittlerweile gehören der ESU 19 nationale Mitgliedsverbände und 4 Europäische Verbände an. Um die beruflichen Interessen als europäischer Dachverband zu wahren- nicht nur in der Kommission, dem EU Parlament und dem Rat der EU – ist die ESU auch Mitglied der EFECOT. (Europäische Föderation für die Ausbildung der Kinder aus Binnenschiffer-, Schausteller-, Zirkusfamilien und beruflich Reisender.</p>
<p>Ganz besonders der aktiven Mitwirkung aller nationalen und europäischen Mitgliedsverbände, des Präsidiums und des Generalsekreteriats, hier sei GS Ulrich Rust besonders hervorgehoben, ist es zu verdanken, dass die ESU in beinahe 50 Jahren ihrer Tätigkeit so viele positive Resultate für sich verbuchen konnte. Dies hat natürlich unsere Glaubwürdigkeit als vorausschauende und erfolgreiche Lobbying-Organisation untermauert und entsprechend auch das Interesse neuer Mitglieder geweckt. Die Europäische Schaustellerunion ESU/UFE , gehört zur Avantgarde des “Europäischen Gedanken” und findet in allen europäischen Institutionen Gehör.</p>
</div>
</section>
</div>

<p>History Die ESU wurde 1954, also 3 Jahre vor Unterzeichnung der “Römischen Verträge” die die Grundlage der Montanunion, der EWG, EG und der heutigen EU sind, in Amsterdam gegründet. Mittlerweile gehören der ESU 19 nationale Mitgliedsverbände und 4 Europäische Verbände an. Um die beruflichen Interessen als europäischer Dachverband zu wahren- nicht nur in der Kommission, [&hellip;]</p>
